 of -j**7/5040 - j**6/720 + j**5/60 - j**2. Let d(u) be the third derivative of o(u). Let w be (5/1)/(2/(-2)). What is d(w)?
4
Let t(b) be the third derivative of b**5/60 - b**4/24 - 4*b**3 - 41*b**2. What is t(0)?
-24
Suppose d = 4*i - 48, -5*d + 43 = 5*i - 2*d. Suppose 3*p - 3 - 3 = -3*t, 4*t = -p + 5. Suppose -p = -4*s + i. Let m(w) = w**3 - 4*w**2 + w + 1. What is m(s)?
-5
Let b(t) be the first derivative of t**3/3 + 3*t**2 + t - 28. Give b(-6).
1
Let s(x) = -x**3 - 25*x**2 + 27*x + 27. Let l be s(-26). Let p(c) = c**2 + 1. Give p(l).
2
Let y(r) = -r - 1. Let p(b) = -b**3 + 5*b**2 - 4*b. Let w = -6 - -10. Let f be p(w). Let g be f/(1*2/(-2)). Calculate y(g).
-1
Let v(h) be the second derivative of -h**4/12 - 2*h**3/3 - h**2/2 + 11*h. What is v(-2)?
3
Let v(s) = -5*s**3 - 10*s**2 - 8*s - 6. Let t(m) = m**3 + m**2 + m. Let x(g) = 4*t(g) + v(g). Calculate x(-6).
18
Let q(n) = -5 + 2*n + 2 - 4*n. Give q(6).
-15
Let v(b) = -b**2 + b - 1. Let w(a) be the third derivative of -a**5/12 + 5*a**4/12 - 3*a**3/2 - 3*a**2. Let h(l) = -4*v(l) + w(l). What is h(4)?
3
Let j(u) = u**2 - 2*u + 3. Let k(v) = -v**2 + v - 1. Let g(b) = j(b) + 4*k(b). What is g(1)?
-2
Let k(x) = -3*x**3 + x**2. Suppose 16 = -4*s + 4*m, 3*m - 14 = -3*s + 4. Calculate k(s).
-2
Let o(b) = b**2 - 5*b - 1. Let s(x) = x**2 - 5*x. Let h(g) = 5*o(g) - 4*s(g). Let i = -8 + 8. Let q = 6 - i. What is h(q)?
1
Suppose 0 - 6 = 3*f. Let g(w) be the third derivative of -w**6/180 - w**5/120 - w**4/24 + w**2. Let l(r) be the second derivative of g(r). Determine l(f).
7
Let m(b) = b - 7. Let q be m(-5). Let c(s) = -s - 12. Let a be c(q). Let p(o) = -o**3 - o - 2. Give p(a).
-2
Let w(l) = -7*l**2 + 5*l - 2. Let f(o) = -6*o**2 + 5*o - 1. Let z(d) = 6*f(d) - 5*w(d). Let q(m) = 2*m**2 + 9*m + 9. Let h be q(-4). Determine z(h).
4
Let x(i) = -i**3 + 5*i**2 + i. Suppose 4*c = -z + 24, -17 = -2*c - 4*z + 9. Calculate x(c).
5
Let j(r) = 5*r**3 + 1 - r**2 + 2*r**3 - 8. Let g(w) = -w**2 - 1 - 8*w**3 + 11*w**3 - 2. Let l(q) = 9*g(q) - 4*j(q). What is l(-5)?
1
Suppose -4 = -13*n + 11*n. Let j(m) = 3*m. What is j(n)?
6
Let s(w) = w**3 - 6*w**2 + w + 5. Let o be 1 + 0 + 13/(91/21). What is s(o)?
-23
Let j(i) = i**3 - 5*i**2 + 3*i. Let u(o) = -3*o - 2. Let y be u(-2). Suppose 5*h - y*h + 6 = 0. Let l be (-7)/(-3) + (-4)/h. Give j(l).
-9
Suppose -v - 4 = -2*k, -v + 2*k - 3*k = 1. Let f(o) be the third derivative of 0 - 1/20*o**5 + 1/3*o**3 + 4*o**2 - 1/120*o**6 + 0*o - 1/24*o**4. Give f(v).
0
Let i(s) = 4*s - 4 - 1 - 8*s. Let t(j) = 5*j + 6. Let y(d) = 6*i(d) + 5*t(d). Let p be (2*-1)/(-1) + -2. Give y(p).
0
Let b(i) = i. Let t(w) = -w**2 - 10*w - 2. Let a(n) = -4*b(n) - t(n). Calculate a(-4).
-6
Let f(d) be the third derivative of d**5/60 + d**4/4 - d**3/3 - 2*d**2. Let c(v) = -v**2 + 5*v. Let u be c(6). Give f(u).
-2
Let g(l) = l - 2. Let i be g(0). Let a be 42/9 - i/6. Let f(d) be the second derivative of -d**5/20 + d**4/3 + d**3 - d**2/2 - d. Give f(a).
4
Let z(x) = -2*x - 2. Suppose 3*q - 10 = -2*q. Let h be (-5 - -6)/(q/10). Suppose 0 = -h*g + 4 + 6. Give z(g).
-6
Let c(r) = -2 - 1 - 2 + 3*r - 4*r. What is c(-6)?
1
Let l(x) = x**3 + 8*x**2 - 9. Let g = -213 + 205. Calculate l(g).
-9
Let g(q) be the second derivative of q**3/6 - 3*q**2/2 - 5*q. Determine g(6).
3
Let d(r) = 5*r - 1. Let c(l) = -6*l + 2. Let p(z) = 6*c(z) + 7*d(z). Give p(5).
0
Let h(o) be the third derivative of o**5/30 + o**4/24 + o**3/6 + 14*o**2. What is h(-2)?
7
Let h(b) = b**2. Let w(t) = 2*t**2 - 1. Let i(p) = -3*h(p) + 2*w(p). Give i(3).
7
Let l = -1 - -1. Let t(j) = l + 6*j**3 + 3*j**3 - 2*j - 4*j**3 + 1. What is t(1)?
4
Let u(v) = 5*v**2 - 2. Let y(d) = -11*d**2 - d + 5. Let l(i) = 9*u(i) + 4*y(i). Let n = -15 - -29. Suppose -3*s + n = 2. Calculate l(s).
2
Let u(v) = v**2 + v + 1. Let h(i) = i**2 + 6*i + 6. Let w(q) = -h(q) + 6*u(q). Calculate w(1).
5
Let y(g) = 4*g**3 - 3*g - 3*g**3 - 2*g**2 + 0*g**3. Give y(3).
0
Let i(j) = j + 1. Let p(x) = -x + 13. Let k be p(9). Suppose -w = -n - k, -14 = n - 6*w + 3*w. What is i(n)?
2
Suppose -3*b + 25 = 7*i - 2*i, -2*i + 4*b + 10 = 0. Suppose -i*n + 6*q = 2*q - 31, 12 = -3*q. Let j(l) = -4*l**3 - 2*l**2 - 5*l + 6*l**3 - l**3 + 2. Give j(n).
-4
Let q(h) = -h**3 + 3*h**2 - 2*h + 2. Let s = -22 - -24. Give q(s).
2
Let b be -3 - 9/6*-6. Let z(c) = 4 - b - c - 6. Give z(0).
-8
Let x(y) = -y - 3. Let f be x(-7). Suppose -f*m + 0*m = -4. Let h(j) = -j**2 + j. Give h(m).
0
Let w(v) = 2*v - 9. Let a be w(11). Let n(b) = -a - 2*b + 13. Give n(-1).
2
Let r(j) be the third derivative of -j**5/60 - j**4/12 + j**3/2 - 5*j**2. Calculate r(2).
-5
Let q(z) = -z + 1. Let c(o) = -7*o - 2. Let h(p) = c(p) - 5*q(p). Let j(d) = -d - 1. Let w = 6 + -2. Let f(u) = w*j(u) - h(u). What is f(2)?
-1
Let h(n) be the third derivative of -n**6/120 - n**5/60 - n**3/2 - 3*n**2. Give h(0).
-3
Let y(q) be the third derivative of -q**6/360 - q**5/120 - q**4/12 - q**3/6 + 8*q**2. Let s(b) be the first derivative of y(b). What is s(-2)?
-4
Let n(h) = h**3 - 5*h**2 - 7*h + 4. Let a = -11 + 3. Let k be 2/(-8) - 10/a. Let v = k - -5. Give n(v).
-2
Let r = -10 + 12. Let u = 4 - 2. Let v(c) = c**r + c - 4*c**2 + c**u - 2*c**2. What is v(1)?
-3
Let k be (-10 + 0)/(1 + -3). Let y(n) = k + n + 0*n - 4. Calculate y(5).
6
Let f(w) = w**2 - 5*w - 3. Suppose -4 - 5 = -3*q. Suppose q*b - 9 - 6 = 0. Determine f(b).
-3
Suppose 2*q = -4*o + 12, -q = -5*o + 4*o. Let x(i) = -2*i**3 + 3*i**2 - 2*i. Determine x(q).
-8
Suppose 0 = -5*i - 0 + 15. Let w = -3 + i. Let n(g) = -6*g**2 + g**3 + 2 + 0 + w*g**3 + 5*g. Give n(5).
2
Let g(f) = 13*f + 14. Let d(m) = -m + 7 - 14 - m - 5*m. Let j(v) = 5*v**2 + 2*v - 1. Let p be j(1). Let w(r) = p*g(r) + 11*d(r). What is w(-3)?
4
Suppose 2*m + 35 + 61 = 5*h, -3*m + 26 = h. Suppose 3*s = -s + h. Let x(q) = -q. Let v(f) = 3*f - 5. Let j(c) = -v(c) - x(c). Give j(s).
-5
Let r(q) = q**3 - q**2 + 4*q - 3. Suppose 18 = 2*h + 42. Let u be h/2*(-3)/9. What is r(u)?
9
Let d(a) = -6*a + 4. Let f(v) = 7*v - 3. Let u(y) = 6*d(y) + 5*f(y). What is u(8)?
1
Let j(r) be the second derivative of r**4/12 + 5*r**3/6 + 2*r**2 + 5*r. Let y be (-4)/14 + (-52)/14. Give j(y).
0
Let k(b) = b**2 + 4*b - 2. Let f be k(-4). Let n be (2 - 8/5)*5. Let y(o) = 5*o**2 - 2 - o**2 + o**3 - 2*o**2 + o + 0*o**n. Determine y(f).
-4
Let y(t) = t**2 - 5*t - 1. Let l(n) = -n + 1. Let j(b) = -2*b + 2. Let r(x) = 2*j(x) - 3*l(x). Let v(h) = -r(h) - y(h). What is v(4)?
8
Let c(x) = x**2 - 3. Let q = 2 + -1. Let h = 1 + q. Let u = h - 5. Calculate c(u).
6
Let u(s) be the third derivative of s**4/12 + s**3/3 + s**2. Let w(z) = 22*z**3 - z**2 + 1. Let d be w(-1). Let q = 19 + d. Calculate u(q).
-4
Let k(x) be the second derivative of -x**4/12 - x**3/3 + 2*x**2 + 6*x. Give k(-4).
-4
Let w be -5 - (-1)/((-2)/4). Let u = w - -5. Let q(x) = 2*x**3 + 3*x**2 + 2*x + 2. Give q(u).
-6
Let p(j) = -j**3 - 3*j**2 + 3. Let f = -5 + 8. Suppose -2*c - f*c = -5*t - 15, -4*c + t = -12. Suppose -6 = 3*m + 3*k, -4*k + k = -c. Give p(m).
3
Let w(f) = -2 - f + 5 + 0*f + 4*f. Calculate w(-5).
-12
Let f(x) = -7*x**2 + 10*x - 3. Suppose 4*m - 12 = -32. Let n(z) = -4 + 5*z**2 - z**2 - 5*z + 3 + 3. Let c(s) = m*n(s) - 3*f(s). Determine c(3).
-7
Let q(b) = -b + 13 - 13. Let a be 14/10 - 6/15. Let i be (-2 + 5 + -2)/a. What is q(i)?
-1
Let s(u) = -2*u + 5. Let o(m) = -2*m - 2. Let z be o(-3). What is s(z)?
-3
Let g be 3 + (-9)/(54/16). Let j(z) be the second derivative of 0 + g*z**3 + 2*z - 3*z**2. What is j(4)?
2
Let g(p) = -7*p**2 - p - 1. Let a(h) = h**3 + 1. Let m = -4 - -5. Let n be a(m). Suppose -1 + 3 = -n*o. Calculate g(o).
-7
Let u(o) = -96 - 3*o + 96. What is u(2)?
-6
Let n(t) = -t**2 - 9*t - 10. Let s(h) = -6*h**3 - 2*h**2 - h + 1. Let b be s(1). Calculate n(b).
-2
Let h(t) = 6*t - 1 + 0*t - 5 + 2*t**2 - t**2. What is h(-7)?
1
Suppose j = -4*j + 15. Let x(s) = s**2 + 5*s + 3. Let l(k) = 5*k**2 + 20*k + 13. Let u(h) = -2*l(h) + 9*x(h). Give u(j).
7
Let h(d) = d**3 - 11*d**2 - 2*d + 4. Let o(v) = -v**3 + v**2 + v - 2. Let s(f) = h(f) + 2*o(f). Give s(-9).
0
Let h(t) be the third derivative of t**5/60 - t**4/6 + t**3/6 - 2*t**2. Suppose q - 3*y + 9 = 0, -2*q + 0*y - y + 10 = 0. What is h(q)?
-2
Let d(f) = f**3 - 3*f**2 + f + 3. Suppose -4*q = -2 - 6. Suppose -12 = -2*t - q*t.